et g = 17 - l. List the prime factors of g.
2, 7
What are the prime factors of (-95)/(-10) + 5/2 + 3351?
3, 19, 59
Let a(k) = -3*k + 599. List the prime factors of a(62).
7, 59
Let k(l) = -l**3 + 91*l + 87. What are the prime factors of k(-25)?
3, 1493
Let r be 3/(-27) + 328/36. Suppose 0 = r*x - 5*x - 3324. What are the prime factors of x?
3, 277
Let u(d) = 57*d**2 + 29*d + 113. List the prime factors of u(13).
53, 191
Let x = -16739 + 23845. List the prime factors of x.
2, 11, 17, 19
Suppose -3480*f + 3507*f = -513. Let v(u) = -3*u**2 - 18*u + 9. Let z(c) = -4*c**2 - 17*c + 8. Let y(r) = 3*v(r) - 2*z(r). List the prime factors of y(f).
2, 3, 5
Suppose -2*d = -3*y - 40884, -4*y + 248 = 5*d - 101893. What are the prime factors of d?
3, 7, 139
Suppose 3*d + p + 8 = 8*d, 3*d = 3*p. Let m(z) = 124*z**2 + 9*z - 18. What are the prime factors of m(d)?
2, 31
Suppose -34*w = -37*w + 780. Let y = w - 115. List the prime factors of y.
5, 29
Suppose -30*w + 31212 = -13*w. Suppose d + 177 = 4*b + 775, 3*d = -2*b + w. What are the prime factors of d?
2, 5, 61
Let d(y) = -2*y**3 + 53*y**2 + 4*y + 15. Let z be d(26). Suppose -22*h + 2967 + z = 0. What are the prime factors of h?
3, 19
Let g = 277 - 300. What are the prime factors of 24 + g + 826/(-3)*-3?
827
Suppose 13*f + 96 = 31. List the prime factors of 6/f*-12*(-12 - -57).
2, 3
Let s = -241 + 172. Let i = s - -47. List the prime factors of (-2156)/(-18) + i/(-99).
2, 3, 5
Let c(l) = -l**2 + 15*l + 3. Let i be c(15). Suppose -405 = 3*s - i*f, 0 = 2*s + f + 204 + 75. Let a = -32 - s. What are the prime factors of a?
2, 53
Let v(l) = 829*l - 1261. List the prime factors of v(30).
23609
Let w be 6/(-21)*-1 - 5376/(-49). Let t = 156 - w. List the prime factors of t.
2, 23
What are the prime factors of (-346206)/(-35) - 21/35?
3, 7, 157
Let r = -29 + 33. Let p be (r + (-236)/20)*5. Let v = -37 - p. What are the prime factors of v?
2
What are the prime factors of 28158*(-11 - 238/(-21))?
2, 13, 19
Let h = -1963 - -2753. Let o = h - -313. What are the prime factors of o?
1103
Suppose 3*p - 82200 = -26*p + 5*p. What are the prime factors of p?
5, 137
Let n(v) = -239*v + 36. Let l be n(-2). Let j = l - 357. What are the prime factors of j?
157
What are the prime factors of 13337 + 6/(96/112)?
2, 3, 139
Let v(d) = 157*d**2 + 50*d + 236. What are the prime factors of v(-9)?
12503
Let n(k) be the second derivative of -k**4/12 - 5*k**3/2 - 5*k**2 - 13*k. Let a be n(-14). Suppose 2*y - 84 = -a*m - 0*y, -3*y = 0. List the prime factors of m.
3, 7
Let q = 2272 - 1290. Let h = q - 668. List the prime factors of h.
2, 157
Let u(x) = x**3 - 8*x**2 - 6*x - 14. Let j be u(9). Suppose j + 1 = 2*y. Suppose 0 = -4*t + 5*p + 465, p = 2*t - y*t + 545. What are the prime factors of t?
2, 5, 11
What are the prime factors of (2 + 48639)*(18 - 17)/(-2 + 3)?
127, 383
Let h(l) = l**2 - 13*l + 898. Let g be h(0). Let j = g + -417. What are the prime factors of j?
13, 37
Let n(w) = -577*w + 16 - 27 - 145*w. List the prime factors of n(-1).
3, 79
Suppose -4*a + 9 = -2*o + 3, 2*a = -3*o + 15. Let r(h) = 2*h**3 - 2*h - h**2 + 1 - 3*h**3 + 3*h**3. What are the prime factors of r(a)?
2, 5
Let a(g) = g**3 + 40*g**2 + 78*g + 81. Let i be a(-38). Suppose -9 + 158 = z - u, -3*z + 437 = -i*u. List the prime factors of z.
2, 7, 11
Let d = -1 - -3. Suppose -40 = -y + 2*i, -6*i = y - 9 - 79. Suppose -4*f = -c + y + 15, 0 = c - d*f - 61. List the prime factors of c.
5, 11
Suppose 30 = -2*f + 7*f. Let d(y) = -12 - 2 + 11*y + 2 + 4. What are the prime factors of d(f)?
2, 29
Suppose 0 = -4*w + n + 135089, -n + 21694 = w - 12087. List the prime factors of w.
2, 3, 13, 433
Let z be (-1)/4*-4 + -1 + 24. Let i be (822/z)/((-2)/(-8)). Suppose 568 = 5*a - i. List the prime factors of a.
3, 47
Let z(x) = 130*x**2 - 5*x - 1. Suppose 4*m - 3*f + 2 = 14, 4*f - 9 = -3*m. Let a be z(m). Suppose 466 = 9*s - a. List the prime factors of s.
2, 3, 5
Let w be (-22)/6 + (-6)/(-9). List the prime factors of (5013/27 - w)*(0 + 3).
2, 283
Let w be -554 + -1 + 3 + 0 + 2. Let y = -336 - w. What are the prime factors of y?
2, 107
Let d be 142*(20/(-8))/5*-1. Let p = 75 - d. Suppose 10*x - 174 = p*x. List the prime factors of x.
29
Let m = 3351 - -22362. What are the prime factors of m?
3, 2857
Let i(j) = -241*j - 3542. What are the prime factors of i(-25)?
13, 191
What are the prime factors of 3 - (2 + -3) - (-18 - 5354)?
2, 3, 7
Let q = 20 - 5. Let u(k) = 22*k + 30. Let t be u(q). Suppose -3*d - 2*n + 124 = -91, 5*d = -3*n + t. What are the prime factors of d?
3, 5
Suppose 348 = 17*j - 5*j. Suppose b - 6*b - 4*s = -j, 0 = -b - 4*s + 9. Suppose -b*n + 4*g = -452, -49 = 2*n + g - 235. List the prime factors of n.
2, 23
Suppose -2*x = 115*d - 119*d + 35378, -5*d + 44210 = -5*x. List the prime factors of d.
3, 983
Let l be 156 - 427 - (2*2 + 0). What are the prime factors of ((l/3)/5)/((-3)/63)?
5, 7, 11
Suppose -2*z = -a + 1513 + 2058, 0 = -5*a - 5*z + 17915. What are the prime factors of a?
3, 1193
Let t(d) = 2*d - 26. Let w be t(6). Let v(c) = 10*c + 3. Let f be v(w). Let k = f + 217. What are the prime factors of k?
2, 5
Let y be 2*22 - (-17)/(170/(-20)). List the prime factors of (565 - y/(-6))*1.
2, 11, 13
Suppose 3*n - 8*n + 115 = 0. Suppose 2*l - n = -1. List the prime factors of (12/(-30) - l/(-15))*201.
67
Let r(b) = 65*b - 557. List the prime factors of r(20).
743
Let a(s) = 33714*s**3 - 29*s**2 + 27*s + 3. List the prime factors of a(1).
5, 11, 613
Let t(d) = 954*d + 4369. List the prime factors of t(17).
7, 17, 173
List the prime factors of (55/30 + -2 + (-1981694)/(-156))*2.
2, 12703
Let u(m) = -m**2 - 116*m + 393. List the prime factors of u(-29).
2, 3
Suppose -1252 = 4*u + 4*p, u + 0*p = -2*p - 312. Let x = 654 + u. Suppose -3*f = -3*l + f + 239, -5*l - 5*f + x = 0. List the prime factors of l.
73
Suppose c = -3*c. Suppose 0*w - 5*w - 60 = c. List the prime factors of ((-4)/w)/(403/201 + -2).
67
Suppose -6*d - 3 - 3 = 0. Let q be d*(-3 + 0/2). Suppose r = q*w + 47, 0 = r + 3*w + 2*w - 71. List the prime factors of r.
2, 7
Suppose -r = -2547 + 387. Suppose r + 1167 = 3*a. What are the prime factors of a?
1109
Let c(a) be the third derivative of a**4/4 - 5*a**3/3 + 4*a**2. Let t be (4*-1)/(-5 - -6) - -16. List the prime factors of c(t).
2, 31
Suppose -6*q + 3 = -69. Suppose 0 = -2*n + 5*n - q. Suppose -3*b = 2*b - n*k - 249, 2*k - 243 = -5*b. What are the prime factors of b?
7
Let a = -1031 - -3161. List the prime factors of a.
2, 3, 5, 71
Let w be (-2 - (-5)/2)*32. Let t(m) = 15*m + 51. What are the prime factors of t(w)?
3, 97
Let b(x) be the third derivative of -x**5/60 + x**4/24 + x**3/2 - 21*x**2. Let r be b(4). Let g(z) = z**3 + 11*z**2 - 2*z + 5. List the prime factors of g(r).
5, 37
Let g(w) = 2*w**3 - 23*w**2 - 11*w - 21. Let x be g(12). What are the prime factors of (-43)/3*162/x?
2, 3, 43
Let g(u) = -2*u + 16. Let j be g(5). Let b(r) = 12*r - 4*r + j*r + 8. What are the prime factors of b(4)?
2
Let u(a) = -a + 59. Let j be u(13). Suppose 4*s + 218 = 2*q, q + 3*s - j = 83. List the prime factors of q.
3, 13
Suppose 0 = -c - 115*x + 116*x + 11021, 0 = -3*c + x + 33063. List the prime factors of c.
103, 107
Suppose 207*b = -219*b + 453*b - 1035612. List the prime factors of b.
2, 43, 223
Let l = -15900 + 23960. Suppose -24552 + l = -19*w. What are the prime factors of w?
2, 7, 31
Let k = -631 + 618. List the prime factors of (k/((-195)/(-5920)))/((-1)/3).
2, 37
List the prime factors of (-133)/((-133)/(-7)) - 3093*-1.
2, 1543
Let t(m) = m**3 - 16*m**2 - 35*m - 13. Let g be t(18). Suppose 1126 = -g*d + 2716. List the prime factors of d.
2, 3, 53
Let g(m) = -78*m**3 + 3*m**2 + 5*m + 3. Let p(o) = 0*o - 21 - 188*o**2 + 189*o**2 - 8*o. Let z be p(10). What are the prime factors of g(z)?
79
Suppose -3*f = 3*j + 57, 5*f + 57 = -4*j - 38. Let d = -9 - f. List the prime factors of d.
2, 5
Let i(j) = 3531*j**2 + 91*j. What are the prime factors of i(3)?
2, 3, 2671
Let d(n) = n**3 + 5*n**2 - 2*n + 1. Let z(o) = -22 - 19 + 0*o - 2*o. Let l be z(-18). List the prime factors of d(l).
11
Suppose -3*u - o + 3 = -2, 0 = -4*u - o + 8. Suppose u*l - a = 1899, l + 12*a - 633 = 13*a. What are the prime factors of l?
3, 211
Let f(d) = -2*d**3 + 5*d**2 - 33*d + 105. List the